{"id":18,"date":"2025-05-20T09:34:02","date_gmt":"2025-05-20T07:34:02","guid":{"rendered":"https:\/\/dev.projectzero.fr\/?page_id=18"},"modified":"2025-05-22T01:17:37","modified_gmt":"2025-05-21T23:17:37","slug":"project-zero-les-personnages","status":"publish","type":"page","link":"https:\/\/dev.projectzero.fr\/?page_id=18","title":{"rendered":"PZ &#8211; Personnages"},"content":{"rendered":"\t\t\t\t<div class=\"wp-block-uagb-table-of-contents uagb-toc__align-left uagb-toc__columns-1  uagb-block-8f22cba2      \"\n\t\t\t\t\tdata-scroll= \"1\"\n\t\t\t\t\tdata-offset= \"30\"\n\t\t\t\t\tstyle=\"\"\n\t\t\t\t>\n\t\t\t\t<div class=\"uagb-toc__wrap\">\n\t\t\t\t\t\t<div class=\"uagb-toc__title\">\n\t\t\t\t\t\t\tListe des personnages\t\t\t\t\t\t<\/div>\n\t\t\t\t\t\t\t\t\t\t\t\t\t\t\t\t\t\t\t\t\t\t<div class=\"uagb-toc__list-wrap \">\n\t\t\t\t\t\t<ol class=\"uagb-toc__list\"><li class=\"uagb-toc__list\"><a href=\"#miku-hinasaki\" class=\"uagb-toc-link__trigger\">Miku Hinasaki<\/a><li class=\"uagb-toc__list\"><a href=\"#mafuyu-hinasaki\" class=\"uagb-toc-link__trigger\">Mafuyu Hinasaki<\/a><li class=\"uagb-toc__list\"><a href=\"#junsei-takamine\" class=\"uagb-toc-link__trigger\">Junsei Takamine<\/a><li class=\"uagb-toc__list\"><a href=\"#koji-ogata\" class=\"uagb-toc-link__trigger\">Koji Ogata<\/a><li class=\"uagb-toc__list\"><a href=\"#tomoe-hirasaka\" class=\"uagb-toc-link__trigger\">Tomoe Hirasaka<\/a><\/ol>\t\t\t\t\t<\/div>\n\t\t\t\t\t\t\t\t\t<\/div>\n\t\t\t\t<\/div>\n\t\t\t\n\n\n<h2 class=\"wp-block-heading\">Miku Hinasaki<\/h2>\n\n\n\n<p class=\"style397\">Miku Hinasaki est la jeune fille cadette d\u2019une famille qui poss\u00e8de un \u00e9trange pouvoir&nbsp;: voir des choses indiscernables aux communs des mortels. Cette facult\u00e9 sp\u00e9ciale a toujours g\u00ean\u00e9 Miku dans ses rapports avec les autres, \u00e0 part avec son grand fr\u00e8re, Mafuyu, qui comprend ce qu\u2019elle ressent, car il poss\u00e8de lui aussi ce sixi\u00e8me sens.<\/p>\n\n\n\n<p class=\"style397\">Son fr\u00e8re ayant disparu depuis neuf jours, Miku part \u00e0 sa recherche, ce qui va l\u2019amener \u00e0 rentrer dans un manoir gigantesque se trouvant au pied d\u2019une montagne, le manoir Himuro.<\/p>\n\n\n\n<p class=\"style397\">Personnage principale de l&rsquo;aventure Project ZERO, on la retrouvera dans Project ZERO 3 comme co-locatrice et assistante de Rei, personnage principale du jeu. Dans l&rsquo;\u00e9pisode de Project ZERO 3, Miku renouera avec ses vieux d\u00e9mons et sera prisonni\u00e8re du manoir du Sommeil, qui ressemble \u00e9trangement au vieux manoir o\u00f9 elle avait d\u00e9j\u00e0 mis les pieds.<\/p>\n\n\n\n<h2 class=\"wp-block-heading\">Mafuyu Hinasaki<\/h2>\n\n\n\n<p class=\"style397\">Mafuyu est le fr\u00e8re de Miku. Apr\u00e8s la mort myst\u00e8rieuse de leurs parents, il est la seule famille de Miku.<br>Mafuyu se rend au manoir Himuro \u00e0 la recherche de Junsei Takamine, c\u00e9l\u00e8bre romancier et mentor de Mafuyu<\/p>\n\n\n\n<h2 class=\"wp-block-heading\">Junsei Takamine<\/h2>\n\n\n\n<p>Takamine est un c\u00e9l\u00e8bre romancier et le mentor de Mafuyu. Il lui donne non seulement des conseils professionnels, mais il est aussi un bon ami de Mafuyu. Auteur de best-sellers, les temps sont aujourd&rsquo;hui durs pour lui. Esp\u00e9rant retrouver sa gloire pass\u00e9e, il effectue des recherches sur un ancien rituel pratiqu\u00e9 par la famille Himuro. Favorisant une approche plus personnelle du sujet, il se rend au manoir Himuro, accompagne de son \u00e9diteur et de son assistante. Personne n&rsquo;a eu de leurs nouvelles depuis.<\/p>\n\n\n\n<h2 class=\"wp-block-heading\">Koji Ogata<\/h2>\n\n\n\n<p>Koji est l&rsquo;\u00e9diteur de Takamine. Il accompagna Takamine dans son voyage de recherche, esp\u00e9rant rassembler des informations pour son propre magazine \u00e0 frissons. Il a aussi disparu. Sa maison d&rsquo;\u00e9dition n&rsquo;a re\u00e7u aucune nouvelle de Takamine, Koji et Tomoe depuis le dernier rapport de Koji.<\/p>\n\n\n\n<h2 class=\"wp-block-heading\">Tomoe Hirasaka<\/h2>\n\n\n\n<p>Tomoe est l&rsquo;assistante de Takamine. Elle a \u00e9galement disparu lors de l&rsquo;exploration du manoir Himuro avec Takamine et Koji. Tout comme Miku, Tomoe poss\u00e8de un sixi\u00e8me sens. A la veille de leur d\u00e9part, elle eut une sinistre pr\u00e9monition quant au manoir et elle est maintenant, elle aussi, port\u00e9e disparue.<\/p>\n","protected":false},"excerpt":{"rendered":"<p>Miku Hinasaki Miku Hinasaki est la jeune fille cadette d\u2019une famille qui poss\u00e8de un \u00e9trange pouvoir&nbsp;: voir des choses indiscernables aux communs des mortels. Cette facult\u00e9 sp\u00e9ciale a toujours g\u00ean\u00e9 Miku dans ses rapports avec les autres, \u00e0 part avec son grand fr\u00e8re, Mafuyu, qui comprend ce qu\u2019elle ressent, car il poss\u00e8de lui aussi ce [&hellip;]<\/p>\n","protected":false},"author":1,"featured_media":0,"parent":15,"menu_order":0,"comment_status":"open","ping_status":"closed","template":"","meta":{"_uag_custom_page_level_css":"","footnotes":""},"class_list":["post-18","page","type-page","status-publish","hentry"],"uagb_featured_image_src":{"full":false,"thumbnail":false,"medium":false,"medium_large":false,"large":false,"1536x1536":false,"2048x2048":false},"uagb_author_info":{"display_name":"admin","author_link":"https:\/\/dev.projectzero.fr\/?author=1"},"uagb_comment_info":0,"uagb_excerpt":"Miku Hinasaki Miku Hinasaki est la jeune fille cadette d\u2019une famille qui poss\u00e8de un \u00e9trange pouvoir&nbsp;: voir des choses indiscernables aux communs des mortels. Cette facult\u00e9 sp\u00e9ciale a toujours g\u00ean\u00e9 Miku dans ses rapports avec les autres, \u00e0 part avec son grand fr\u00e8re, Mafuyu, qui comprend ce qu\u2019elle ressent, car il poss\u00e8de lui aussi ce\u2026","_links":{"self":[{"href":"https:\/\/dev.projectzero.fr\/index.php?rest_route=\/wp\/v2\/pages\/18","targetHints":{"allow":["GET"]}}],"collection":[{"href":"https:\/\/dev.projectzero.fr\/index.php?rest_route=\/wp\/v2\/pages"}],"about":[{"href":"https:\/\/dev.projectzero.fr\/index.php?rest_route=\/wp\/v2\/types\/page"}],"author":[{"embeddable":true,"href":"https:\/\/dev.projectzero.fr\/index.php?rest_route=\/wp\/v2\/users\/1"}],"replies":[{"embeddable":true,"href":"https:\/\/dev.projectzero.fr\/index.php?rest_route=%2Fwp%2Fv2%2Fcomments&post=18"}],"version-history":[{"count":5,"href":"https:\/\/dev.projectzero.fr\/index.php?rest_route=\/wp\/v2\/pages\/18\/revisions"}],"predecessor-version":[{"id":52,"href":"https:\/\/dev.projectzero.fr\/index.php?rest_route=\/wp\/v2\/pages\/18\/revisions\/52"}],"up":[{"embeddable":true,"href":"https:\/\/dev.projectzero.fr\/index.php?rest_route=\/wp\/v2\/pages\/15"}],"wp:attachment":[{"href":"https:\/\/dev.projectzero.fr\/index.php?rest_route=%2Fwp%2Fv2%2Fmedia&parent=18"}],"curies":[{"name":"wp","href":"https:\/\/api.w.org\/{rel}","templated":true}]}}