{"id":23,"date":"2025-05-20T20:39:49","date_gmt":"2025-05-20T18:39:49","guid":{"rendered":"https:\/\/dev.projectzero.fr\/?page_id=23"},"modified":"2025-05-20T22:14:15","modified_gmt":"2025-05-20T20:14:15","slug":"project-zero-ii-crimson-butterfly","status":"publish","type":"page","link":"https:\/\/dev.projectzero.fr\/?page_id=23","title":{"rendered":"Project ZERO II Crimson Butterfly"},"content":{"rendered":"\n<h2 class=\"wp-block-heading\">Fiche d&rsquo;identit\u00e9 du jeu<\/h2>\n\n\n\n<p>Titre original (japonais) :\u00a0-Zero &#8211; akai chou<br>Titre US :\u00a0Fatal Frame II &#8211; Crimson Butterfly<br>Titre europ\u00e9en :\u00a0Project Zero II &#8211; Crimson Butterfly<br>Plateforme : <mark style=\"background-color:rgba(0, 0, 0, 0);color:#0693e3\" class=\"has-inline-color has-vivid-cyan-blue-color\">PS2<\/mark> &amp; <mark style=\"background-color:rgba(0, 0, 0, 0);color:#00d084\" class=\"has-inline-color has-vivid-green-cyan-color\">Xbox<\/mark> &amp; <mark style=\"background-color:rgba(0, 0, 0, 0);color:#cf2e2e\" class=\"has-inline-color has-vivid-red-color\">Wii<\/mark> (remake)<br>Date de sortie japonaise : <mark style=\"background-color:rgba(0, 0, 0, 0);color:#0693e3\" class=\"has-inline-color has-vivid-cyan-blue-color\">27 novembre 2003<\/mark> &amp;<mark style=\"background-color:rgba(0, 0, 0, 0);color:#00d084\" class=\"has-inline-color has-vivid-green-cyan-color\"> 11 novembre 2004<\/mark> &amp; <mark style=\"background-color:rgba(0, 0, 0, 0);color:#cf2e2e\" class=\"has-inline-color has-vivid-red-color\">28 juin 2012<\/mark><br>Date de sortie am\u00e9ricaine : <mark style=\"background-color:rgba(0, 0, 0, 0);color:#0693e3\" class=\"has-inline-color has-vivid-cyan-blue-color\">10 d\u00e9cembre 2003<\/mark> &amp; <mark style=\"background-color:rgba(0, 0, 0, 0);color:#00d084\" class=\"has-inline-color has-vivid-green-cyan-color\">26 octobre 2004<\/mark><br>Date de sortie europ\u00e9enne : <mark style=\"background-color:rgba(0, 0, 0, 0);color:#0693e3\" class=\"has-inline-color has-vivid-cyan-blue-color\">29 avril 2004<\/mark> &amp; <mark style=\"background-color:rgba(0, 0, 0, 0);color:#00d084\" class=\"has-inline-color has-vivid-green-cyan-color\">28 janvier 2005<\/mark> &amp; <mark style=\"background-color:rgba(0, 0, 0, 0);color:#cf2e2e\" class=\"has-inline-color has-vivid-red-color\">29 juin 2012<\/mark><\/p>\n\n\n\n<h2 class=\"wp-block-heading\">Synopsis<\/h2>\n\n\n\n<p>Deux s\u0153urs jumelles, Mio et Mayu se prom\u00e8nent dans les bois, tout pr\u00e8s de leur maison d&rsquo;enfance. Un accident leur \u00e9tait autrefois arriv\u00e9 dans cette m\u00eame for\u00eat : Les 2 s\u0153urs s&rsquo;amusaient dans la for\u00eat et l&rsquo;une d&rsquo;elle, Mayu, tomba de la falaise en voulant rattraper Mio qui courait plus loin. Depuis cette accident, Mayu bo\u00eete en marchant.<\/p>\n\n\n\n<p>Mio, qui se rem\u00e9more cet accident pour lequel elle \u00e9prouve des remords, ne voit pas imm\u00e9diatement que sa s\u0153ur, attir\u00e9e par un papillon \u00e9carlate s&rsquo;\u00e9loigne dans la for\u00eat Courant derri\u00e8re elle, Mio se retrouve soudainement isol\u00e9e sur une route montagneuse et brumeuse. Elle d\u00e9cide alors de suivre la lueur des lumi\u00e8res qu&rsquo;elle voit appara\u00eetre entre les arbres et retrouve sa s\u0153ur. Mais l\u00e0, tapis dans le brouillard et les t\u00e9n\u00e8bres, les jumelles d\u00e9couvrent un myst\u00e9rieux village, nomm\u00e9 le Village de Tous les Dieux.<\/p>\n\n\n\n<p>Mio et Mayu d\u00e9couvrent petit \u00e0 petit l&rsquo;horreur qui a r\u00e9gn\u00e9 sur ce village et le culte qu&rsquo;il a entretenu envers les jumeaux et les jumelles.<\/p>\n\n\n\n<p>Comme son pr\u00e9d\u00e9cesseur,&nbsp;le sc\u00e9nario de Project Zero 2 a \u00e9t\u00e9 inspir\u00e9 d&rsquo;une l\u00e9gende. On raconte que le village de \u00ab\u00a0Tous les Dieux\u00a0\u00bb occupait jadis la for\u00eat, dans les profondeurs des montagnes. Cette for\u00eat \u00e9tait condamn\u00e9e \u00e0 dispara\u00eetre \u00e0 cause de la construction d&rsquo;un nouveau barrage. L&rsquo;histoire raconte qu&rsquo;\u00e0 la veille d&rsquo;une f\u00eate, le village s&rsquo;\u00e9vapora soudainement, laissant la for\u00eat recouverte d&rsquo;un \u00e9pais brouillard. On dit que si vous vous perdez dans cette for\u00eat, vous dispara\u00eetrez dans ce village perdu, le village o\u00f9 les papillons \u00e9carlates dansent, le village prisonnier d&rsquo;une nuit \u00e9ternelle.<\/p>\n","protected":false},"excerpt":{"rendered":"<p>Fiche d&rsquo;identit\u00e9 du jeu Titre original (japonais) :\u00a0-Zero &#8211; akai chouTitre US :\u00a0Fatal Frame II &#8211; Crimson ButterflyTitre europ\u00e9en :\u00a0Project Zero II &#8211; Crimson ButterflyPlateforme : PS2 &amp; Xbox &amp; Wii (remake)Date de sortie japonaise : 27 novembre 2003 &amp; 11 novembre 2004 &amp; 28 juin 2012Date de sortie am\u00e9ricaine : 10 d\u00e9cembre 2003 &amp; [&hellip;]<\/p>\n","protected":false},"author":1,"featured_media":0,"parent":0,"menu_order":0,"comment_status":"open","ping_status":"closed","template":"","meta":{"_uag_custom_page_level_css":"","footnotes":""},"class_list":["post-23","page","type-page","status-publish","hentry"],"uagb_featured_image_src":{"full":false,"thumbnail":false,"medium":false,"medium_large":false,"large":false,"1536x1536":false,"2048x2048":false},"uagb_author_info":{"display_name":"admin","author_link":"https:\/\/dev.projectzero.fr\/?author=1"},"uagb_comment_info":0,"uagb_excerpt":"Fiche d&rsquo;identit\u00e9 du jeu Titre original (japonais) :\u00a0-Zero &#8211; akai chouTitre US :\u00a0Fatal Frame II &#8211; Crimson ButterflyTitre europ\u00e9en :\u00a0Project Zero II &#8211; Crimson ButterflyPlateforme : PS2 &amp; Xbox &amp; Wii (remake)Date de sortie japonaise : 27 novembre 2003 &amp; 11 novembre 2004 &amp; 28 juin 2012Date de sortie am\u00e9ricaine : 10 d\u00e9cembre 2003 &amp;\u2026","_links":{"self":[{"href":"https:\/\/dev.projectzero.fr\/index.php?rest_route=\/wp\/v2\/pages\/23","targetHints":{"allow":["GET"]}}],"collection":[{"href":"https:\/\/dev.projectzero.fr\/index.php?rest_route=\/wp\/v2\/pages"}],"about":[{"href":"https:\/\/dev.projectzero.fr\/index.php?rest_route=\/wp\/v2\/types\/page"}],"author":[{"embeddable":true,"href":"https:\/\/dev.projectzero.fr\/index.php?rest_route=\/wp\/v2\/users\/1"}],"replies":[{"embeddable":true,"href":"https:\/\/dev.projectzero.fr\/index.php?rest_route=%2Fwp%2Fv2%2Fcomments&post=23"}],"version-history":[{"count":2,"href":"https:\/\/dev.projectzero.fr\/index.php?rest_route=\/wp\/v2\/pages\/23\/revisions"}],"predecessor-version":[{"id":32,"href":"https:\/\/dev.projectzero.fr\/index.php?rest_route=\/wp\/v2\/pages\/23\/revisions\/32"}],"wp:attachment":[{"href":"https:\/\/dev.projectzero.fr\/index.php?rest_route=%2Fwp%2Fv2%2Fmedia&parent=23"}],"curies":[{"name":"wp","href":"https:\/\/api.w.org\/{rel}","templated":true}]}}