{"id":28,"date":"2025-05-20T21:36:24","date_gmt":"2025-05-20T19:36:24","guid":{"rendered":"https:\/\/dev.projectzero.fr\/?page_id=28"},"modified":"2025-05-20T21:36:33","modified_gmt":"2025-05-20T19:36:33","slug":"project-zero-iii-the-tormented","status":"publish","type":"page","link":"https:\/\/dev.projectzero.fr\/?page_id=28","title":{"rendered":"Project ZERO III The Tormented"},"content":{"rendered":"\n<h2 class=\"wp-block-heading\">Fiche d&rsquo;identit\u00e9 du jeu<\/h2>\n\n\n\n<p>Titre original (japonais) : Zero &#8211; Shisei no Koe<br>Titre US : Fatal Frame III &#8211; The Tormented<br>Titre europ\u00e9en : Project Zero III &#8211; The Tormented<\/p>\n\n\n\n<p>Plateforme : <mark style=\"background-color:rgba(0, 0, 0, 0);color:#0693e3\" class=\"has-inline-color has-vivid-cyan-blue-color\">PS2<\/mark><br>Date de sortie japonaise : <mark style=\"background-color:rgba(0, 0, 0, 0);color:#0693e3\" class=\"has-inline-color has-vivid-cyan-blue-color\">28 juillet 2005<\/mark><br>Date de sortie am\u00e9ricaine : <mark style=\"background-color:rgba(0, 0, 0, 0);color:#0693e3\" class=\"has-inline-color has-vivid-cyan-blue-color\">8 novembre 2005<\/mark><br>Date de sortie europ\u00e9enne : <mark style=\"background-color:rgba(0, 0, 0, 0);color:#0693e3\" class=\"has-inline-color has-vivid-cyan-blue-color\">24 f\u00e9vrier 2006<\/mark><\/p>\n\n\n\n<h2 class=\"wp-block-heading\">Synopsis<\/h2>\n\n\n\n<p>\u00ab\u00a0Pourquoi ai-je surv\u00e9cu ?\u00a0\u00bb<br>Cette question hante les pens\u00e9es de Rei depuis l&rsquo;accident de voiture tragique o\u00f9 elle conduisait dans lequel a p\u00e9ri son fianc\u00e9 Yuu Asou. Photographe ind\u00e9pendante, Rei Kurosawa se rend dans un vieux manoir japonais pour y faire un reportage. D&rsquo;apr\u00e8s des rumeurs, le manoir, situ\u00e9 dans les montagnes, serait hant\u00e9.<br>Au cours de ses prises de vue, Rei est confront\u00e9e \u00e0 l&rsquo;inexplicable : son fianc\u00e9, Yuu Asou, pourtant officiellement d\u00e9c\u00e9d\u00e9, apparait devant elle. Rei se lance \u00e0 sa poursuite et s&rsquo;aventure de plus en plus profond\u00e9ment dans les vestiges d&rsquo;un manoir abandonn\u00e9. Alors qu&rsquo;elle arrive au bout d&rsquo;un couloir en ruines, l&rsquo;environnement qui l&rsquo;entoure se met \u00e0 changer brusquement. Sous la neige qui tombe \u00e0 gros flocons , d&rsquo;innombrables rang\u00e9es de pierres tombales s&rsquo;\u00e9tendent \u00e0 perte de vue.<br><br>Rei revient \u00e0 la r\u00e9alit\u00e9, surprise par Miku (personnage principal dans le premier volet de la s\u00e9rie). Mais tous les soirs, Rei r\u00eave d&rsquo;un manoir et \u00e0 son r\u00e9veil, un tatouage appara\u00eet sur son dos. Mais elle n&rsquo;est pas seule dans le Manoir du Sommeil.<\/p>\n\n\n\n<p><\/p>\n","protected":false},"excerpt":{"rendered":"<p>Fiche d&rsquo;identit\u00e9 du jeu Titre original (japonais) : Zero &#8211; Shisei no KoeTitre US : Fatal Frame III &#8211; The TormentedTitre europ\u00e9en : Project Zero III &#8211; The Tormented Plateforme : PS2Date de sortie japonaise : 28 juillet 2005Date de sortie am\u00e9ricaine : 8 novembre 2005Date de sortie europ\u00e9enne : 24 f\u00e9vrier 2006 Synopsis \u00ab\u00a0Pourquoi [&hellip;]<\/p>\n","protected":false},"author":1,"featured_media":0,"parent":0,"menu_order":0,"comment_status":"open","ping_status":"closed","template":"","meta":{"_uag_custom_page_level_css":"","footnotes":""},"class_list":["post-28","page","type-page","status-publish","hentry"],"uagb_featured_image_src":{"full":false,"thumbnail":false,"medium":false,"medium_large":false,"large":false,"1536x1536":false,"2048x2048":false},"uagb_author_info":{"display_name":"admin","author_link":"https:\/\/dev.projectzero.fr\/?author=1"},"uagb_comment_info":0,"uagb_excerpt":"Fiche d&rsquo;identit\u00e9 du jeu Titre original (japonais) : Zero &#8211; Shisei no KoeTitre US : Fatal Frame III &#8211; The TormentedTitre europ\u00e9en : Project Zero III &#8211; The Tormented Plateforme : PS2Date de sortie japonaise : 28 juillet 2005Date de sortie am\u00e9ricaine : 8 novembre 2005Date de sortie europ\u00e9enne : 24 f\u00e9vrier 2006 Synopsis \u00ab\u00a0Pourquoi\u2026","_links":{"self":[{"href":"https:\/\/dev.projectzero.fr\/index.php?rest_route=\/wp\/v2\/pages\/28","targetHints":{"allow":["GET"]}}],"collection":[{"href":"https:\/\/dev.projectzero.fr\/index.php?rest_route=\/wp\/v2\/pages"}],"about":[{"href":"https:\/\/dev.projectzero.fr\/index.php?rest_route=\/wp\/v2\/types\/page"}],"author":[{"embeddable":true,"href":"https:\/\/dev.projectzero.fr\/index.php?rest_route=\/wp\/v2\/users\/1"}],"replies":[{"embeddable":true,"href":"https:\/\/dev.projectzero.fr\/index.php?rest_route=%2Fwp%2Fv2%2Fcomments&post=28"}],"version-history":[{"count":1,"href":"https:\/\/dev.projectzero.fr\/index.php?rest_route=\/wp\/v2\/pages\/28\/revisions"}],"predecessor-version":[{"id":29,"href":"https:\/\/dev.projectzero.fr\/index.php?rest_route=\/wp\/v2\/pages\/28\/revisions\/29"}],"wp:attachment":[{"href":"https:\/\/dev.projectzero.fr\/index.php?rest_route=%2Fwp%2Fv2%2Fmedia&parent=28"}],"curies":[{"name":"wp","href":"https:\/\/api.w.org\/{rel}","templated":true}]}}